ple of 376?
False
Is 395759 a multiple of 13?
True
Is 31 a factor of 1941636?
False
Is 442200 a multiple of 24?
True
Is 6367277 a multiple of 132?
False
Is 34 a factor of 860540?
True
Does 328 divide 1543996?
False
Is 896 a factor of 433322?
False
Is 17 a factor of 240173?
False
Is 137 a factor of 16405887?
True
Is 295579 a multiple of 17?
True
Is 271254 a multiple of 218?
False
Is 36 a factor of 2478492?
True
Is 189 a factor of 5282550?
True
Is 161544 a multiple of 106?
True
Does 38 divide 6846519?
False
Is 30 a factor of 610000?
False
Does 93 divide 3189021?
False
Does 37 divide 14841953?
False
Is 13 a factor of 22827?
False
Does 269 divide 210358?
True
Is 579 a factor of 180648?
True
Is 187 a factor of 1740783?
True
Is 16 a factor of 91216?
True
Is 19 a factor of 217132?
True
Is 2235050 a multiple of 25?
True
Does 270 divide 9132477?
False
Is 100700 a multiple of 20?
True
Is 125330 a multiple of 10?
True
Does 94 divide 3333334?
True
Does 16 divide 645277?
False
Is 275 a factor of 710050?
True
Does 4 divide 488220?
True
Is 7 a factor of 572219?
False
Is 112 a factor of 16163616?
True
Does 17 divide 22916?
True
Is 259064 a multiple of 212?
True
Does 738 divide 1751002?
False
Is 31020 a multiple of 44?
True
Does 234 divide 137592?
True
Is 472 a factor of 440848?
True
Is 2052 a factor of 1309176?
True
Is 564 a factor of 862133?
False
Is 9 a factor of 3004749?
True
Is 199765 a multiple of 320?
False
Does 399 divide 148023?
False
Is 25 a factor of 437850?
True
Is 18909 a multiple of 121?
False
Is 11 a factor of 482856?
True
Does 12 divide 2687395?
False
Does 199 divide 204970?
True
Is 14 a factor of 3640275?
False
Does 137 divide 2633140?
True
Does 165 divide 3066967?
False
Does 38 divide 49770?
False
Does 3 divide 45592?
False
Is 11769898 a multiple of 194?
False
Is 4714781 a multiple of 174?
False
Is 1687365 a multiple of 18?
False
Is 6 a factor of 7266?
True
Is 86 a factor of 1735377?
False
Is 1219101 a multiple of 97?
False
Does 385 divide 102025?
True
Does 159 divide 19716?
True
Is 23 a factor of 142462?
True
Does 63 divide 34692?
False
Does 19 divide 2495004?
True
Is 38 a factor of 1115984?
True
Does 1082 divide 555066?
True
Does 62 divide 107136?
True
Is 58 a factor of 144014?
True
Is 271780 a multiple of 14?
False
Does 33 divide 2581925?
False
Is 659279 a multiple of 594?
False
Does 40 divide 29880?
True
Is 141 a factor of 54285?
True
Is 34 a factor of 30643?
False
Does 213 divide 5754917?
False
Does 491 divide 4279556?
True
Does 30 divide 60024?
False
Is 191324 a multiple of 114?
False
Does 3 divide 45910?
False
Does 358 divide 617192?
True
Is 334073 a multiple of 16?
False
Does 31 divide 5443129?
False
Is 5163092 a multiple of 13?
False
Is 14195114 a multiple of 337?
True
Is 646 a factor of 23930491?
False
Is 389 a factor of 4013313?
True
Does 6 divide 9433?
False
Does 17 divide 110079?
False
Is 44 a factor of 207573?
False
Does 25 divide 9926223?
False
Is 2873364 a multiple of 12?
True
Is 113 a factor of 5211447?
True
Is 5 a factor of 168760?
True
Is 14 a factor of 113861?
False
Is 7429316 a multiple of 566?
True
Does 39 divide 1476970?
False
Is 2553096 a multiple of 1092?
True
Is 12 a factor of 25194?
False
Is 2184466 a multiple of 7?
False
Is 42336 a multiple of 6?
True
Is 48792 a multiple of 76?
True
Is 592550 a multiple of 10?
True
Is 699116 a multiple of 25?
False
Is 2073888 a multiple of 342?
True
Is 1938408 a multiple of 12?
True
Is 5197056 a multiple of 402?
True
Is 19575863 a multiple of 14?
False
Is 220790 a multiple of 30?
False
Does 266 divide 2532320?
True
Is 923 a factor of 20677384?
False
Is 15095 a multiple of 47?
False
Does 640 divide 6692147?
False
Does 19 divide 985836?
False
Does 389 divide 3644?
False
Is 17405825 a multiple of 341?
False
Is 33252 a multiple of 9?
False
Does 1605 divide 764842?
False
Is 107560 a multiple of 40?
True
Is 148 a factor of 73620?
False
Is 335 a factor of 6073758?
False
Does 193 divide 7398?
False
Is 231 a factor of 4263567?
True
Is 7143597 a multiple of 27?
False
Does 28 divide 1711556?
True
Is 5 a factor of 6567629?
False
Is 9 a factor of 977787?
True
Is 260 a factor of 675312?
False
Is 29199 a multiple of 71?
False
Does 2 divide 217120?
True
Does 9 divide 216096?
False
Does 61 divide 4209000?
True
Is 31 a factor of 380680?
True
Does 78 divide 19313?
False
Is 459 a factor of 46818?
True
Is 14 a factor of 281725?
False
Does 5 divide 34743?
False
Does 6 divide 18887?
False
Is 2650 a multiple of 72?
False
Does 59 divide 542615?
False
Does 1413 divide 15484147?
False
Is 77 a factor of 101569?
False
Is 62627 a multiple of 94?
False
Is 2945441 a multiple of 17?
False
Does 130 divide 146347?
False
Is 237280 a multiple of 32?
True
Does 16 divide 98492?
False
Is 4 a factor of 48853?
False
Is 331681 a multiple of 49?
True
Is 581955 a multiple of 55?
True
Is 11 a factor of 173305?
True
Is 101166 a multiple of 6?
True
Does 258 divide 971552?
False
Is 105 a factor of 11497?
False
Does 8 divide 188873?
False
Is 227 a factor of 1004034?
False
Does 260 divide 59800?
True
Does 8 divide 16362552?
True
Does 24 divide 400944?
True
Does 82 divide 4965244?
False
Is 159 a factor of 80136?
True
Is 333 a factor of 773018?
False
Is 94774 a multiple of 2?
True
Is 192 a factor of 154368?
True
Is 14 a factor of 20854092?
True
Is 330108 even?
True
Is 1205436 a multiple of 17?
True
Is 560228 a multiple of 16?
False
Is 137893 a multiple of 34?
False
Is 21 a factor of 216930?
True
Is 114429 a multiple of 4?
False
Is 15 a factor of 5851587?
False
Does 31 divide 1006880?
True
Is 92 a factor of 19688?
True
Does 94 divide 1038230?
True
Does 63 divide 62121?
False
Does 456 divide 9287352?
True
Is 105 a factor of 514080?
True
Is 44 a factor of 3471820?
True
Is 1989202 a multiple of 433?
True
Is 1124160 a multiple of 8?
True
Is 104220 a multiple of 193?
True
Is 1030929 a multiple of 23?
True
Is 660 a factor of 3171960?
True
Does 10 divide 2744743?
False
Does 63 divide 866691?
True
Is 182 a factor of 768768?
True
Is 11 a factor of 8267105?
True
Is 1039 even?
False
Does 226 divide 22095?
False
Does 10 divide 656019?
False
Is 11342622 a multiple of 72?
False
Is 54 a factor of 212440?
False
Is 36696 a multiple of 11?
True
Is 109 a factor of 13111527?
False
Is 686 a factor of 618166?
False
Is 50 a factor of 96869?
False
Does 24 divide 140929?
False
Does 505 divide 512051?
False
Does 851 divide 1805301?
False
Is 37 a factor of 10358663?
False
Does 23 divide 4617365?
True
Is 9537 a multiple of 3?
True
Is 2867236 a multiple of 18?
False
Does 3 divide 618742?
False
Does 10 divide 3888470?
True
Is 4953672 a multiple of 24?
True
Does 1681 divide 8593272?
True
Is 504981 a multiple of 51?
False
Is 455 a factor of 638037?
False
Is 194 a factor of 493269?
False
Is 10642726 a multiple of 216?
False
Is 20 a factor of 1571898?
False
Is 140 a factor of 60340?
True
Is 50 a factor of 17895500?
True
Is 855960 a multiple of 280?
True
Is 124505 a multiple of 50?
False
Is 22 a factor of 1640518?
True
Is 946285 a multiple of 18?
False
Is 163 a factor of 1670424?
True
Is 189733 a multiple of 94?
False
Is 1143167 a multiple of 365?
False
Is 31 a factor of 226997?
False
Does 104 divide 4453176?
True
Is 66 a factor of 193512?
True
Is 24 a factor of 31752?
True
Is 76380 a multiple of 76?
True
Is 25 a factor of 3306275?
True
Is 22744178 a multiple of 240?
False
Is 19 a factor of 317550?
False
Is 775720 a multiple of 110?
True
Does 1590 divide 2610780?
True
Is 93 a factor of 17659358?
False
Is 180 a factor of 3620700?
True
Is 816 a factor of 1920048?
True
Is 215104 a multiple of 40?
False
Is 22 a factor of 4591124?
False
Is 21 a factor of 392673?
False
Does 17 divide 22618060?
False
Does 28 divide 313152?
True
Does 2 divide 719431?
False
Does 254 divide 1571345?
False
Does 104 divide 416936?
True
Is 355393 a multiple of 18?
False
Is 35 a factor of 7940471?
False
Is 10539 a multiple of 26?
False
Is 45981 a multiple of 5?
False
Is 3422100 a multiple of 132?
True
Is 5298480 a multiple of 1584?
True
Is 10 a factor of 4602560?
True
Does 57 divide 35397?
True
Does 84 divide 20004516?
True
Does 210 divide 200970?
True
Is 3546 a multiple of 13?
False
Is 155 a factor of 265205?
True
Is 2877600 a multiple of 825?
True
Does 373 divide 539731?
True
Is 369 a factor 